0.
30
What is the remainder when 589062 is divided by 7749?
138
What is the remainder when 66748 is divided by 7676?
5340
What is the remainder when 86345 is divided by 657?
278
Calculate the remainder when 49820 is divided by 1696.
636
What is the remainder when 2267 is divided by 279?
35
What is the remainder when 445985 is divided by 1658?
1641
What is the remainder when 2630 is divided by 746?
392
What is the remainder when 60786418 is divided by 8683773?
7
What is the remainder when 55116 is divided by 397?
330
Calculate the remainder when 32181 is divided by 9770.
2871
What is the remainder when 82071405 is divided by 27357122?
39
Calculate the remainder when 21852805 is divided by 281.
278
Calculate the remainder when 1928594 is divided by 1954.
1950
Calculate the remainder when 7439208 is divided by 281.
14
Calculate the remainder when 145040597 is divided by 62.
29
Calculate the remainder when 155444 is divided by 1285.
1244
Calculate the remainder when 683295 is divided by 2628.
15
Calculate the remainder when 3126529 is divided by 91956.
25
Calculate the remainder when 26185220 is divided by 11.
6
What is the remainder when 256572 is divided by 2618?
8
What is the remainder when 21503906 is divided by 7669?
30
Calculate the remainder when 71512 is divided by 10159.
399
Calculate the remainder when 85888992 is divided by 1053.
1047
Calculate the remainder when 911332 is divided by 6952.
620
What is the remainder when 148448497 is divided by 3447?
3442
Calculate the remainder when 823847498 is divided by 2630.
2628
What is the remainder when 237296 is divided by 878?
236
Calculate the remainder when 525007 is divided by 152.
151
Calculate the remainder when 1990910 is divided by 896.
894
What is the remainder when 46782 is divided by 5839?
70
Calculate the remainder when 561036 is divided by 46752.
12
What is the remainder when 35612 is divided by 26997?
8615
Calculate the remainder when 8831550 is divided by 1766266.
220
Calculate the remainder when 2669263 is divided by 1334622.
19
What is the remainder when 19380252 is divided by 11529?
3
Calculate the remainder when 196041 is divided by 1339.
547
What is the remainder when 2290595 is divided by 395?
385
What is the remainder when 116933 is divided by 1500?
1433
What is the remainder when 38243309 is divided by 38243303?
6
What is the remainder when 8181263 is divided by 58858?
1
What is the remainder when 2031298 is divided by 244?
242
What is the remainder when 339775 is divided by 2462?
19
What is the remainder when 104004 is divided by 4396?
2896
What is the remainder when 1953981 is divided by 227?
192
What is the remainder when 523170 is divided by 213?
42
Calculate the remainder when 86782 is divided by 1886.
26
What is the remainder when 36603 is divided by 1109?
6
Calculate the remainder when 930554 is divided by 60.
14
What is the remainder when 575955 is divided by 143742?
987
Calculate the remainder when 5910637 is divided by 422186.
33
What is the remainder when 158079 is divided by 2764?
531
What is the remainder when 1894237 is divided by 140?
37
Calculate the remainder when 59474 is divided by 49.
37
What is the remainder when 28819995 is divided by 364810?
5
Calculate the remainder when 897082 is divided by 972.
898
Calculate the remainder when 206079 is divided by 92.
91
What is the remainder when 3554947 is divided by 273454?
45
What is the remainder when 547570 is divided by 142?
18
Calculate the remainder when 317320942 is divided by 105773644.
10
What is the remainder when 110968 is divided by 776?
0
What is the remainder when 128213058 is divided by 4430?
4428
What is the remainder when 438387 is divided by 146057?
216
Calculate the remainder when 209478392 is divided by 6400.
6392
Calculate the remainder when 10438022 is divided by 304.
182
What is the remainder when 134452 is divided by 11?
10
Calculate the remainder when 226988 is divided by 690.
668
What is the remainder when 28163 is divided by 349?
243
What is the remainder when 353335 is divided by 70608?
295
What is the remainder when 507159 is divided by 11793?
60
Calculate the remainder when 1192867 is divided by 317.
313
What is the remainder when 231476 is divided by 10051?
303
What is the remainder when 1617420 is divided by 215?
190
What is the remainder when 53107 is divided by 25709?
1689
Calculate the remainder when 527792 is divided by 175893.
113
What is the remainder when 441835 is divided by 868?
23
Calculate the remainder when 485790 is divided by 11036.
206
What is the remainder when 979803 is divided by 39192?
3
What is the remainder when 339860 is divided by 6832?
5092
Calculate the remainder when 197667 is divided by 741.
561
Calculate the remainder when 865549 is divided by 216363.
97
What is the remainder when 18097 is divided by 970?
637
Calculate the remainder when 522497 is divided by 522337.
160
Calculate the remainder when 421835 is divided by 139756.
2567
What is the remainder when 40930 is divided by 2268?
106
Calculate the remainder when 6374184 is divided by 3187059.
66
Calculate the remainder when 112140978 is divided by 4595.
3
What is the remainder when 680839 is divided by 135431?
3684
Calculate the remainder when 453553 is divided by 761.
758
What is the remainder when 1697723 is divided by 339451?
468
Calculate the remainder when 5769665 is divided by 174.
173
What is the remainder when 8315455 is divided by 8315329?
126
Calculate the remainder when 6196364 is divided by 63880.
4
What is the remainder when 1863426 is divided by 743?
725
What is the remainder when 31472 is divided by 3188?
2780
Calculate the remainder when 1781375 is divided by 3098.
25
What is the remainder when 57985 is divided by 23779?
10427
Calculate the remainder when 874492 is divided by 10407.
304
What is the remainder when 72810 is divided by 24264?
18
What is the remainder when 55086255 is divided by 68?
67
Calculate the remainder when 4193729 is divided by 3331.
0
What is the remainder when 83984218 is divided by 269?
266
Calculate the remainder when 5388600 is divided by 175.
0
Calculate the remainder when 4373598 is divided by 14482.
34
What is the remainder when 21038 is divided by 3174?
1994
What is the remainder when 18138439 is divided by 49?
11
What is the remainder when 11048241 is divided by 138103?
1
What is the remainder when 828997 is divided by 787?
286
Calculate the remainder when 770897115 is divided by 4254.
4251
What is the remainder when 20251438 is divided by 1177?
1153
Calculate the remainder when 18745 is divided by 2598.
559
What is the remainder when 670019 is divided by 594?
581
Calculate the remainder when 4638307 is divided by 773043.
49
Calculate the remainder when 25958738 is divided by 1147.
981
Calculate the remainder when 3825170 is divided by 250.
170
Calculate the remainder when 881170 is divided by 23.
17
Calculate the remainder when 1858796 is divided by 1540.
16
What is the remainder when 62318781 is divided by 2273?
2213
What is the remainder when 4182048 is divided by 6026?
4
Calculate the remainder when 2127447 is divided by 4645.
37
What is the remainder when 257053 is divided by 257046?
7
What is the remainder when 124878 is divided by 1301?
1283
What is the remainder when 28141 is divided by 485?
11
Calculate the remainder when 365789 is divided by 73156.
9
Calculate the remainder when 104589 is divided by 26112.
141
What is the remainder when 8302727 is divided by 1383769?
113
What is the remainder when 127167 is divided by 300?
267
Calculate the remainder when 229768261 is divided by 39.
34
Calculate the remainder when 265450 is divided by 294.
262
Calculate the remainder when 26354728 is divided by 283384.
16
What is the remainder when 3686435 is divided by 3468?
3419
Calculate the remainder when 1440154 is divided by 24409.
23
What is the remainder when 94333439 is divided by 1384?
1383
Calculate the remainder when 8441843 is divided by 758.
755
Calculate the remainder when 35968951 is divided by 92.
79
What is the remainder when 178237 is divided by 9?
1
What is the remainder when 18338884 is divided by 1680?
4
What is the remainder when 1350683 is divided by 957?
356
What is the remainder when 17756863 is divided by 315?
313
Calculate the